{"id":56,"date":"2025-01-24T20:46:12","date_gmt":"2025-01-24T20:46:12","guid":{"rendered":"http:\/\/www.fvplp.com\/victoire\/?page_id=56"},"modified":"2025-01-30T20:38:46","modified_gmt":"2025-01-30T20:38:46","slug":"qui-sommes-nous","status":"publish","type":"page","link":"https:\/\/www.fvplp.com\/victoire\/qui-sommes-nous\/","title":{"rendered":"Qui sommes nous"},"content":{"rendered":"\r\n<h3 class=\"wp-block-heading\"><strong>FVP \u2013 Fondation Victoire pour la Paix<\/strong><\/h3>\r\n\r\n\r\n\r\n<p>FVP est une fondation priv\u00e9e enregistr\u00e9e au Moniteur belge (journal officiel) sous le num\u00e9ro 846909176 du 27 juin 2012. Elle a pour but entre autre de \u00ab promouvoir la paix et la d\u00e9mocratie dans la r\u00e9gion des grands lacs d\u2019Afrique \u00bb et c\u2019est dans ce cadre qu\u2019elle s\u2019int\u00e9resse au sort de madame Victoire Ingabire, prisonni\u00e8re politique.<\/p>\r\n\r\n\r\n\r\n<h3 class=\"wp-block-heading\"><strong>Pour la Paix dans la r\u00e9gion des grands lacs<\/strong><\/h3>\r\n\r\n\r\n\r\n<p>La sous r\u00e9gion des grands lacs d\u2019 Afrique Centrale est une zone d\u00e9vast\u00e9e par des guerres end\u00e9miques depuis plusieurs d\u00e9cennies. Cela d\u00e9coule du manque de justice \u00e9gale pour tous et du manque de libert\u00e9s des peuples de cette r\u00e9gion \u00e0 se choisir leurs dirigeants.<br \/>Des initiatives ont \u00e9t\u00e9 entreprises mais elles ont \u00e9t\u00e9 men\u00e9es, pour la plus part, par des acteurs non concern\u00e9s et qui, par cons\u00e9quent, ne saisissent pas la r\u00e9alit\u00e9 sur terrain. C\u2019est pour pallier \u00e0 cette lacune, que les ressortissants de cette sous r\u00e9gion, issus de ces peuples meurtris par ces guerres, viennent de cr\u00e9er une fondation d\u00e9nomm\u00e9e \u00ab Fondation Victoire pour la paix ( FVP ) \u00bb<\/p>\r\n\r\n\r\n\r\n<h3 class=\"wp-block-heading\"><strong>La Fondation Victoire pour la Paix a pour buts de :<\/strong><\/h3>\r\n\r\n\r\n\r\n<ul class=\"wp-block-list\">\r\n<li>Promouvoir la paix et la d\u00e9mocratie dans la sous r\u00e9gion des grands lacs d\u2019Afrique Centrale<\/li>\r\n\r\n\r\n\r\n<li>Oeuvrer pour une meilleure coop\u00e9ration des ressortissants de la sous r\u00e9gion vivant en Belgique<\/li>\r\n\r\n\r\n\r\n<li>Servir de \u00ab think tank \u00bb sur des sujets d\u2019actualit\u00e9 sur la sous r\u00e9gion<\/li>\r\n\r\n\r\n\r\n<li>Organiser des cadres de r\u00e9flexion sur des sujets touchant la vie socioculturelle de cette r\u00e9gion<\/li>\r\n\r\n\r\n\r\n<li>Favoriser la scolarisation des ressortissants de cette sous r\u00e9gion et particuli\u00e8rement celle des enfants venant des milieux d\u00e9favoris\u00e9s.<\/li>\r\n<\/ul>\r\n\r\n\r\n\r\n<h3 class=\"wp-block-heading\"><a href=\"https:\/\/www.fvplp.com\/victoire\/donates\/\"><strong>Votre contribution est la bienvenue :<\/strong><\/a><\/h3>\r\n\r\n\r\n\r\n<p>En soutenant les activit\u00e9s de cette Fondation, vous contribuez \u00e0 donner l\u2019espoir \u00e0 des millions de vies humaines, victimes de graves violations des droits de l\u2019 homme dans la sous r\u00e9gion des grands lacs d\u2019 Afrique Centrale. Nous vous remercions d\u2019 avance pour votre don que vous pouvez verser sur le compte de la fondation.<\/p>\r\n\r\n\r\n\r\n<div class=\"wp-block-uagb-separator uagb-block-951e043d\">\r\n<div class=\"wp-block-uagb-separator__inner\">\u00a0<\/div>\r\n<\/div>\r\n\r\n\r\n\r\n<h5 class=\"wp-block-heading has-text-align-center\">Compte de la fondation<\/h5>\r\n\r\n\r\n\r\n<h6 class=\"wp-block-heading has-text-align-center\">IBAN: BE56001672531388 code BIC: GEBABEBB<\/h6>\r\n\r\n\r\n\r\n<div class=\"wp-block-uagb-separator uagb-block-fa6dc2ce\">\r\n<div class=\"wp-block-uagb-separator__inner\">\u00a0<\/div>\r\n<\/div>\r\n\r\n\r\n\r\n<p>&nbsp;<\/p>\r\n","protected":false},"excerpt":{"rendered":"<p>FVP \u2013 Fondation Victoire pour la Paix FVP est une fondation priv\u00e9e enregistr\u00e9e au Moniteur belge (journal officiel) sous le [&hellip;]<\/p>\n","protected":false},"author":1,"featured_media":0,"parent":0,"menu_order":0,"comment_status":"closed","ping_status":"closed","template":"","meta":{"_uag_custom_page_level_css":"","site-sidebar-layout":"default","site-content-layout":"","ast-site-content-layout":"default","site-content-style":"default","site-sidebar-style":"default","ast-global-header-display":"","ast-banner-title-visibility":"","ast-main-header-display":"","ast-hfb-above-header-display":"","ast-hfb-below-header-display":"","ast-hfb-mobile-header-display":"","site-post-title":"","ast-breadcrumbs-content":"","ast-featured-img":"","footer-sml-layout":"","ast-disable-related-posts":"","theme-transparent-header-meta":"default","adv-header-id-meta":"","stick-header-meta":"","header-above-stick-meta":"","header-main-stick-meta":"","header-below-stick-meta":"","astra-migrate-meta-layouts":"set","ast-page-background-enabled":"default","ast-page-background-meta":{"desktop":{"background-color":"var(--ast-global-color-5)","background-image":"","background-repeat":"repeat","background-position":"center center","background-size":"auto","background-attachment":"scroll","background-type":"","background-media":"","overlay-type":"","overlay-color":"","overlay-opacity":"","overlay-gradient":""},"tablet":{"background-color":"","background-image":"","background-repeat":"repeat","background-position":"center center","background-size":"auto","background-attachment":"scroll","background-type":"","background-media":"","overlay-type":"","overlay-color":"","overlay-opacity":"","overlay-gradient":""},"mobile":{"background-color":"","background-image":"","background-repeat":"repeat","background-position":"center center","background-size":"auto","background-attachment":"scroll","background-type":"","background-media":"","overlay-type":"","overlay-color":"","overlay-opacity":"","overlay-gradient":""}},"ast-content-background-meta":{"desktop":{"background-color":"var(--ast-global-color-4)","background-image":"","background-repeat":"repeat","background-position":"center center","background-size":"auto","background-attachment":"scroll","background-type":"","background-media":"","overlay-type":"","overlay-color":"","overlay-opacity":"","overlay-gradient":""},"tablet":{"background-color":"var(--ast-global-color-4)","background-image":"","background-repeat":"repeat","background-position":"center center","background-size":"auto","background-attachment":"scroll","background-type":"","background-media":"","overlay-type":"","overlay-color":"","overlay-opacity":"","overlay-gradient":""},"mobile":{"background-color":"var(--ast-global-color-4)","background-image":"","background-repeat":"repeat","background-position":"center center","background-size":"auto","background-attachment":"scroll","background-type":"","background-media":"","overlay-type":"","overlay-color":"","overlay-opacity":"","overlay-gradient":""}},"footnotes":""},"class_list":["post-56","page","type-page","status-publish","hentry"],"yoast_head":"<!-- This site is optimized with the Yoast SEO plugin v27.4 - https:\/\/yoast.com\/product\/yoast-seo-wordpress\/ -->\n<title>Qui sommes nous |<\/title>\n<meta name=\"robots\" content=\"index, follow, max-snippet:-1, max-image-preview:large, max-video-preview:-1\" \/>\n<link rel=\"canonical\" href=\"https:\/\/www.fvplp.com\/victoire\/qui-sommes-nous\/\" \/>\n<meta property=\"og:locale\" content=\"fr_FR\" \/>\n<meta property=\"og:type\" content=\"article\" \/>\n<meta property=\"og:title\" content=\"Qui sommes nous |\" \/>\n<meta property=\"og:description\" content=\"FVP \u2013 Fondation Victoire pour la Paix FVP est une fondation priv\u00e9e enregistr\u00e9e au Moniteur belge (journal officiel) sous le [&hellip;]\" \/>\n<meta property=\"og:url\" content=\"https:\/\/www.fvplp.com\/victoire\/qui-sommes-nous\/\" \/>\n<meta property=\"article:modified_time\" content=\"2025-01-30T20:38:46+00:00\" \/>\n<meta name=\"twitter:card\" content=\"summary_large_image\" \/>\n<meta name=\"twitter:label1\" content=\"Dur\u00e9e de lecture estim\u00e9e\" \/>\n\t<meta name=\"twitter:data1\" content=\"2 minutes\" \/>\n<script type=\"application\/ld+json\" class=\"yoast-schema-graph\">{\"@context\":\"https:\\\/\\\/schema.org\",\"@graph\":[{\"@type\":\"WebPage\",\"@id\":\"https:\\\/\\\/www.fvplp.com\\\/victoire\\\/qui-sommes-nous\\\/\",\"url\":\"https:\\\/\\\/www.fvplp.com\\\/victoire\\\/qui-sommes-nous\\\/\",\"name\":\"Qui sommes nous |\",\"isPartOf\":{\"@id\":\"https:\\\/\\\/www.fvplp.com\\\/victoire\\\/#website\"},\"datePublished\":\"2025-01-24T20:46:12+00:00\",\"dateModified\":\"2025-01-30T20:38:46+00:00\",\"breadcrumb\":{\"@id\":\"https:\\\/\\\/www.fvplp.com\\\/victoire\\\/qui-sommes-nous\\\/#breadcrumb\"},\"inLanguage\":\"fr-FR\",\"potentialAction\":[{\"@type\":\"ReadAction\",\"target\":[\"https:\\\/\\\/www.fvplp.com\\\/victoire\\\/qui-sommes-nous\\\/\"]}]},{\"@type\":\"BreadcrumbList\",\"@id\":\"https:\\\/\\\/www.fvplp.com\\\/victoire\\\/qui-sommes-nous\\\/#breadcrumb\",\"itemListElement\":[{\"@type\":\"ListItem\",\"position\":1,\"name\":\"Accueil\",\"item\":\"https:\\\/\\\/www.fvplp.com\\\/victoire\\\/\"},{\"@type\":\"ListItem\",\"position\":2,\"name\":\"Qui sommes nous\"}]},{\"@type\":\"WebSite\",\"@id\":\"https:\\\/\\\/www.fvplp.com\\\/victoire\\\/#website\",\"url\":\"https:\\\/\\\/www.fvplp.com\\\/victoire\\\/\",\"name\":\"Fondation Victoire pour la Paix\",\"description\":\"Fondation Victoire Pour La Paix\",\"publisher\":{\"@id\":\"https:\\\/\\\/www.fvplp.com\\\/victoire\\\/#organization\"},\"alternateName\":\"Fondation Victoire pour la Paix\",\"potentialAction\":[{\"@type\":\"SearchAction\",\"target\":{\"@type\":\"EntryPoint\",\"urlTemplate\":\"https:\\\/\\\/www.fvplp.com\\\/victoire\\\/?s={search_term_string}\"},\"query-input\":{\"@type\":\"PropertyValueSpecification\",\"valueRequired\":true,\"valueName\":\"search_term_string\"}}],\"inLanguage\":\"fr-FR\"},{\"@type\":\"Organization\",\"@id\":\"https:\\\/\\\/www.fvplp.com\\\/victoire\\\/#organization\",\"name\":\"Fondation Victoire pour la Paix\",\"url\":\"https:\\\/\\\/www.fvplp.com\\\/victoire\\\/\",\"logo\":{\"@type\":\"ImageObject\",\"inLanguage\":\"fr-FR\",\"@id\":\"https:\\\/\\\/www.fvplp.com\\\/victoire\\\/#\\\/schema\\\/logo\\\/image\\\/\",\"url\":\"https:\\\/\\\/www.fvplp.com\\\/victoire\\\/wp-content\\\/uploads\\\/2025\\\/01\\\/cropped-cropped-new-logo.png\",\"contentUrl\":\"https:\\\/\\\/www.fvplp.com\\\/victoire\\\/wp-content\\\/uploads\\\/2025\\\/01\\\/cropped-cropped-new-logo.png\",\"width\":295,\"height\":125,\"caption\":\"Fondation Victoire pour la Paix\"},\"image\":{\"@id\":\"https:\\\/\\\/www.fvplp.com\\\/victoire\\\/#\\\/schema\\\/logo\\\/image\\\/\"}}]}<\/script>\n<!-- \/ Yoast SEO plugin. -->","yoast_head_json":{"title":"Qui sommes nous |","robots":{"index":"index","follow":"follow","max-snippet":"max-snippet:-1","max-image-preview":"max-image-preview:large","max-video-preview":"max-video-preview:-1"},"canonical":"https:\/\/www.fvplp.com\/victoire\/qui-sommes-nous\/","og_locale":"fr_FR","og_type":"article","og_title":"Qui sommes nous |","og_description":"FVP \u2013 Fondation Victoire pour la Paix FVP est une fondation priv\u00e9e enregistr\u00e9e au Moniteur belge (journal officiel) sous le [&hellip;]","og_url":"https:\/\/www.fvplp.com\/victoire\/qui-sommes-nous\/","article_modified_time":"2025-01-30T20:38:46+00:00","twitter_card":"summary_large_image","twitter_misc":{"Dur\u00e9e de lecture estim\u00e9e":"2 minutes"},"schema":{"@context":"https:\/\/schema.org","@graph":[{"@type":"WebPage","@id":"https:\/\/www.fvplp.com\/victoire\/qui-sommes-nous\/","url":"https:\/\/www.fvplp.com\/victoire\/qui-sommes-nous\/","name":"Qui sommes nous |","isPartOf":{"@id":"https:\/\/www.fvplp.com\/victoire\/#website"},"datePublished":"2025-01-24T20:46:12+00:00","dateModified":"2025-01-30T20:38:46+00:00","breadcrumb":{"@id":"https:\/\/www.fvplp.com\/victoire\/qui-sommes-nous\/#breadcrumb"},"inLanguage":"fr-FR","potentialAction":[{"@type":"ReadAction","target":["https:\/\/www.fvplp.com\/victoire\/qui-sommes-nous\/"]}]},{"@type":"BreadcrumbList","@id":"https:\/\/www.fvplp.com\/victoire\/qui-sommes-nous\/#breadcrumb","itemListElement":[{"@type":"ListItem","position":1,"name":"Accueil","item":"https:\/\/www.fvplp.com\/victoire\/"},{"@type":"ListItem","position":2,"name":"Qui sommes nous"}]},{"@type":"WebSite","@id":"https:\/\/www.fvplp.com\/victoire\/#website","url":"https:\/\/www.fvplp.com\/victoire\/","name":"Fondation Victoire pour la Paix","description":"Fondation Victoire Pour La Paix","publisher":{"@id":"https:\/\/www.fvplp.com\/victoire\/#organization"},"alternateName":"Fondation Victoire pour la Paix","potentialAction":[{"@type":"SearchAction","target":{"@type":"EntryPoint","urlTemplate":"https:\/\/www.fvplp.com\/victoire\/?s={search_term_string}"},"query-input":{"@type":"PropertyValueSpecification","valueRequired":true,"valueName":"search_term_string"}}],"inLanguage":"fr-FR"},{"@type":"Organization","@id":"https:\/\/www.fvplp.com\/victoire\/#organization","name":"Fondation Victoire pour la Paix","url":"https:\/\/www.fvplp.com\/victoire\/","logo":{"@type":"ImageObject","inLanguage":"fr-FR","@id":"https:\/\/www.fvplp.com\/victoire\/#\/schema\/logo\/image\/","url":"https:\/\/www.fvplp.com\/victoire\/wp-content\/uploads\/2025\/01\/cropped-cropped-new-logo.png","contentUrl":"https:\/\/www.fvplp.com\/victoire\/wp-content\/uploads\/2025\/01\/cropped-cropped-new-logo.png","width":295,"height":125,"caption":"Fondation Victoire pour la Paix"},"image":{"@id":"https:\/\/www.fvplp.com\/victoire\/#\/schema\/logo\/image\/"}}]}},"uagb_featured_image_src":{"full":false,"thumbnail":false,"medium":false,"medium_large":false,"large":false,"1536x1536":false,"2048x2048":false},"uagb_author_info":{"display_name":"mugabo","author_link":"https:\/\/www.fvplp.com\/victoire\/author\/mugabo\/"},"uagb_comment_info":0,"uagb_excerpt":"FVP \u2013 Fondation Victoire pour la Paix FVP est une fondation priv\u00e9e enregistr\u00e9e au Moniteur belge (journal officiel) sous le [&hellip;]","_links":{"self":[{"href":"https:\/\/www.fvplp.com\/victoire\/wp-json\/wp\/v2\/pages\/56","targetHints":{"allow":["GET"]}}],"collection":[{"href":"https:\/\/www.fvplp.com\/victoire\/wp-json\/wp\/v2\/pages"}],"about":[{"href":"https:\/\/www.fvplp.com\/victoire\/wp-json\/wp\/v2\/types\/page"}],"author":[{"embeddable":true,"href":"https:\/\/www.fvplp.com\/victoire\/wp-json\/wp\/v2\/users\/1"}],"replies":[{"embeddable":true,"href":"https:\/\/www.fvplp.com\/victoire\/wp-json\/wp\/v2\/comments?post=56"}],"version-history":[{"count":4,"href":"https:\/\/www.fvplp.com\/victoire\/wp-json\/wp\/v2\/pages\/56\/revisions"}],"predecessor-version":[{"id":250,"href":"https:\/\/www.fvplp.com\/victoire\/wp-json\/wp\/v2\/pages\/56\/revisions\/250"}],"wp:attachment":[{"href":"https:\/\/www.fvplp.com\/victoire\/wp-json\/wp\/v2\/media?parent=56"}],"curies":[{"name":"wp","href":"https:\/\/api.w.org\/{rel}","templated":true}]}}